 + l. Suppose -z*o - 17 = -c + 15, 2*o = 3*c - 70. What is the units digit of c?
2
Let o = -5499 - -11971. What is the units digit of o?
2
Suppose -3 = -3*k + 3. Let j(u) be the first derivative of 15*u**2 + 5*u - 81. What is the tens digit of j(k)?
6
What is the units digit of (-104)/320 + (-5)/(-40) - 60011/(-5)?
2
Suppose -13*w + 3 = -3*t - 10*w, 10 = 5*t - 2*w. Suppose 583 = 3*u + 3*a - 4*a, 5*u + t*a - 949 = 0. What is the tens digit of u?
9
Suppose -4*g - 45385 = -5*o - g, 0 = g - 5. What is the tens digit of o?
8
Let c(g) be the first derivative of g**3/3 + 2*g**2 + 1002*g - 139. What is the hundreds digit of c(0)?
0
Let k be 18222/24 + 3/(-12). Suppose -5*d = -3*u + u + 531, -5*d = 3*u - k. Suppose -4*z + 6*z + 5*l - u = 0, -2*l = z - 129. What is the units digit of z?
9
What is the hundreds digit of ((-2491020)/(-198) - (-1)/11)/1?
5
What is the thousands digit of 60/(-7 + -5) + 15941?
5
Let k(b) be the first derivative of 2*b**3/3 - 5*b**2/2 - 7*b - 15. What is the units digit of k(-9)?
0
Let j(w) = -w + 24. Let i be j(21). Suppose 4*k - 3*h - 3005 = -0*h, -i*h = 5*k - 3763. What is the hundreds digit of k?
7
Let o = -5224 + 9191. What is the units digit of o?
7
Suppose -26*o + 5253 = 859. What is the units digit of o?
9
Let o(n) = -2*n**2 + 15*n - 20. Let u be o(5). Suppose -10*c - z + 4440 = -u*c, -2*c + 1776 = -5*z. What is the units digit of c?
8
Suppose -119 = 21*s + 7. What is the units digit of (s/(-4))/((-3)/(-394))?
7
Let v(t) = -t**3 - t + 1. Let o(y) = 2*y**3 - 94*y**2 + 103*y**2 + 5*y**3. Let h(p) = o(p) + 6*v(p). What is the tens digit of h(-9)?
6
Suppose -f - 28 = f - 3*j, 0 = -2*j + 8. Let d be (-2)/(f - -4)*-1*-8. What is the tens digit of 5 + (0 + d - -54)?
6
Let i(c) = -15*c - 70. Let h be i(-5). Suppose -866 = -h*a + 2819. What is the hundreds digit of a?
7
Let q = -26737 + 51193. What is the tens digit of q?
5
Suppose -18*b = -7905 + 1335. Let i = b - 187. What is the tens digit of i?
7
Suppose -95973 = -3*v - 3*u, -636*u + 633*u + 159963 = 5*v. What is the units digit of v?
5
Let s(h) = h**3 - 2*h**2 - 6*h. Let w = -5 + -8. Let o be (-1 + w/(-5))/(38/95). What is the units digit of s(o)?
8
Let o(z) = 3*z. Let x = -13 - -35. Suppose 6 = -3*j + 3, 2*j = 4*d - x. What is the tens digit of o(d)?
1
Let y(o) = 448*o**2 - 10*o - 20. Let l be y(-5). Suppose -l = -31*d + 21*d. What is the thousands digit of d?
1
Suppose -2*a + 3*q - 6 = -a, 0 = -2*a - 5*q + 32. Let d(l) = 56*l + 1. What is the hundreds digit of d(a)?
3
Let k = 25 - 142. Suppose 4*h - 2*h + 3*n - 264 = 0, h - 133 = -n. Let p = h + k. What is the tens digit of p?
1
Let a(d) = d**2 - 8*d + 24. Let b be a(8). Suppose b*m - 350 = 17*m. What is the units digit of m?
0
Suppose -3*q = 4*u + q + 92, 4*u + 98 = 2*q. Let p = 17 + u. Let l(v) = -v**3 - 6*v**2 - 5*v + 9. What is the units digit of l(p)?
3
Let o(g) = -8*g. Let l(r) = -7*r. Let s(t) = -6*l(t) + 5*o(t). Let h be s(1). Suppose h*p - d + 3*d = 48, -3*d = 4*p - 101. What is the tens digit of p?
2
Suppose 0 = 60*k + 959 - 412619. What is the tens digit of k?
6
Let p be (2/(-4))/(2/(-24)) + 1. Suppose 0 = 2*a - 4*l - 64, -4*a + 4*l = -p*a + 86. What is the tens digit of (-680)/a*(-6)/4?
3
Let x = 1131 - 1127. Suppose 11 = 5*w - 9. Suppose 5*h = x*s + h - 448, -w*h = s - 117. What is the hundreds digit of s?
1
Let y be -676 + (2 - 0) + 5/(-1). Let o = 1189 + y. What is the units digit of o?
0
Let g(t) = -743*t - 982. What is the tens digit of g(-10)?
4
Let i(w) = -3*w**2 + 2*w - 4. Suppose o + 4*o - 2*c = -31, 0 = 3*o + 3*c + 6. Let l be i(o). What is the units digit of (5 - 4)*-4 - l?
5
Let a(h) = h**2 + 14*h + 13. Let q be a(-13). What is the units digit of (3 - 0) + 408 - q/1?
1
Let i(f) = 9*f - 126. Let b be i(25). Let x be -2 + 2/(-1) + 7. Let p = x + b. What is the units digit of p?
2
Let b be 2/8 + (-2)/(16/(-798)). Let h = 40 + b. What is the tens digit of -4 + h/4 + 2?
3
Let x be 7/35 - -4 - 2/10. What is the tens digit of 1646/x + (-3)/2?
1
What is the thousands digit of (-342)/57 - (10 - 6 - 120526/2)?
0
Let z be ((-12 - -5)/(-7))/((-1)/(-449)). Let t = z + -126. What is the tens digit of t?
2
Suppose 367926 = -48*b + 87*b. What is the units digit of b?
4
Suppose 3*n = -5*t - 11008 + 122140, 0 = 4*n - 5*t - 148176. What is the tens digit of n?
4
Suppose -21*t + 13 = -8*t. Suppose -2*k - 30 = 4*r, -k = 2*k - 3*r + 72. What is the tens digit of (-78)/(16 + k + (4 - t))?
3
Let h = -3 + 6. Suppose -3*q + 1042 + 1129 = 4*k, 2180 = h*q - 5*k. What is the units digit of q?
5
Let s = -217 - -222. What is the tens digit of (s/(90/(-12)))/(2/(-639))?
1
Suppose -99 - 33 = -22*z. Suppose -4*u - 4*d - 144 = 0, 3*u = -2*d + 3*d - 104. What is the units digit of 1/2*z - u?
8
What is the tens digit of (2/18 + 10180/720 - 4)*436?
6
Let w be 156/(-60) - 6/15. What is the units digit of w/6 - 16016/(-32)?
0
Suppose -2*h - 4*a = 2, -9*a + 25 = -5*h - 14*a. Let c(n) = -3*n**2 + 3*n**2 + 8 - 13*n - n**2. What is the tens digit of c(h)?
4
Suppose -5*k - 4*o = 80, 0*o = 3*o. Let p(r) = -11*r - 43. What is the hundreds digit of p(k)?
1
Let o(k) = 2627*k**2 + k + 2. What is the tens digit of o(-1)?
2
Suppose 5*q - 4*a = 40556, -5*q = 39*a - 44*a - 40550. What is the hundreds digit of q?
1
What is the tens digit of (-2)/((-224)/109712) + (-6)/(-14)?
8
Let z = 229 + 1961. What is the thousands digit of z?
2
Let z be 45 - (4 - (3 + 0)). Suppose 0*m + m + 2*a + z = 0, -a = -2*m - 113. Let q = m + 135. What is the tens digit of q?
8
Suppose 0 = 3*p - 2*v - 14, -p = p + 4*v - 36. Suppose 348 = -2*b + p*b. What is the tens digit of ((-5)/(-2) - 2)*b?
2
Let z(h) = -7*h**2 + 22*h + 194. Let p be z(-18). Let t = -1458 - p. What is the units digit of t?
2
Let z = 23325 + -12807. What is the hundreds digit of z?
5
Let d(l) = -17*l**2 + 364*l - 727. Let t be d(2). Suppose -6*z = -2*z - 772. Let h = z + t. What is the units digit of h?
6
Suppose -29 - 1 = 3*f. Let w be 15/f*1*-2. Suppose -6 = -3*h, 2*a - 360 = -w*a - 5*h. What is the units digit of a?
0
Let s = 24095 - -14385. What is the tens digit of s?
8
Suppose 4*z = -4*x + 66932, -5*z + 30411 = 4*x - 36515. What is the units digit of x?
9
Let g(h) = 71*h + 397. Let a be g(-6). What is the units digit of (16 - 13) + 58*a/(-2)?
4
Let o(t) = -49*t - 50. Let r(h) = -131*h - 150. Let n(y) = 8*o(y) - 3*r(y). Let a be 1/(50/26 - 2). What is the tens digit of n(a)?
3
What is the hundreds digit of 138/(-9)*-2*(-3480)/(-32)?
3
Let m(x) = 6*x**2 - x**2 + 35 + 30*x + 4 + 10 + 28*x. What is the hundreds digit of m(-15)?
3
Suppose 0*t - t = 3*s - 22, s = -3*t + 26. What is the hundreds digit of (-227)/(((105/10)/t)/(-3))?
4
Suppose -5*l = 5*i - 19495, 3*l = i - 542 + 12219. Suppose l = 6*k + 1554. What is the tens digit of k?
9
What is the thousands digit of (-1632240)/(-900)*(-10)/(-4)?
4
Let j(x) = -5*x - 2*x + 17 + 2*x. Let d be j(-28). Suppose h + 5*a = 2*h - d, 5*h - 863 = -a. What is the units digit of h?
2
Let d(q) = q - 1. Let f(p) = -p**2 - 31*p - 40. Let o(i) = 4*d(i) - 2*f(i). What is the tens digit of o(-32)?
1
Let q(w) = 2*w**3 - 33*w**2 - 15*w - 16. Let z be q(17). Let r be 4 + (-3)/z + (-69)/18. Suppose r = -13*j + 8*j + 700. What is the hundreds digit of j?
1
Let v(x) = -102*x - 1104. What is the units digit of v(-29)?
4
Let m(i) = -i**3 - 15*i**2 + 52*i - 28. Let b be m(-18). Suppose 7*v = b*v, 0 = 4*d - 5*v - 3016. What is the units digit of d?
4
Suppose -7*w + 19*w + 48 = 0. What is the tens digit of 29 - 24 - (w*134 - 1)?
4
Suppose 0 = 4*w + 13 - 17. Let h(n) = 27*n**3 + n**2 - 2*n + 2. What is the units digit of h(w)?
8
Suppose 38*s + 3*c = 40*s - 855, 1698 = 4*s - 2*c. What is the hundreds digit of s?
4
What is the hundreds digit of -14 + (-1 - 9) + 3246?
2
Let v(r) = 472*r - 3. What is the tens digit of v(6)?
2
Let n = 5 + 122. What is the hundreds digit of 0 + -5 + n + -5?
1
Let v = -42 + 57. Let n = -18 + v. What is the tens digit of n/5 - 5472/(-95)?
5
What is the tens digit of (-50202152)/(-1176) + (-3)/(63/(-2))?
8
Let k = 13014 - 7586. What is the units digit of k?
8
Let p(a) = 483*a**2 + 5*a + 23. What is the hundreds digit of p(-3)?
3
Suppose 191*y + 3*i = 188*y + 37032, 3*i = -5*y + 61720. What is the hundreds digit of y?
3
Suppose 17 = k + 5*u, -4*k + 3*u = 6*